t n(s) = -517*s + p - 1 + 518*s. Calculate n(4).
6
Let z(u) be the third derivative of -5*u**4/24 - 8*u**3/3 - 112*u**2. Calculate z(-5).
9
Let g(i) = -2*i + 11. Let s(l) = -l**3 - l - 1. Let o be s(-2). What is g(o)?
-7
Let f(m) = 19*m - 98. Let y be f(5). Let r(q) = 2*q**2 + q - 3. Determine r(y).
12
Let c be (-2)/(3*(-5)/135). Let j(o) = -8 + c - 2*o - 4 + 3*o. Give j(-5).
1
Let t(d) = 4*d + 26. Let p be t(-11). Let w = -14 - p. Let r(a) = 11*a**2 + 3*a + 5. Let v(s) = 5*s**2 + s + 2. Let q(z) = -4*r(z) + 9*v(z). Calculate q(w).
2
Let x(m) be the third derivative of -47*m**4/24 + 16*m**2. Give x(-1).
47
Suppose -3 - 1 = -2*t. Let k(d) = 8*d**t + 6 - 10 + d**3 + 0*d**2. Calculate k(-8).
-4
Let i be 1/(10/25)*(-14)/5. Let q(x) = 2*x**2 + 14*x - 1. Give q(i).
-1
Let u(s) = -4*s**3 - s**2 - s - 1. Let a be u(-1). Suppose -3*c + 6*c = 42. Suppose 13 = 5*v + o, a*v - c = -5*o + 7. Let z(h) = 5*h - 1. Calculate z(v).
9
Let s(v) = 7*v**3 - 2*v - 1. Let m be 6/(-12)*3/(9/(-12)). Suppose 0 = -3*u - m*i - 3, 0 = -4*u + i - 3*i - 4. What is s(u)?
-6
Let i(h) = -h**2 + 10*h - 13. Let s = 47 - 53. Let w = 3 - s. What is i(w)?
-4
Let n(j) = -5*j - 7. Let b(m) = 0 - 4*m + 0*m - 5 - 1. Let w(z) = 4*b(z) - 3*n(z). Let h = 67 - 69. What is w(h)?
-1
Let a(n) = -n**3 + 4*n**2 + 5*n - 2. Let f be a(5). Let q(g) be the third derivative of 1/30*g**5 + 1/3*g**3 + 0*g + 0 + 10*g**2 + 1/24*g**4. Determine q(f).
8
Let d = 6 + -10. Let r = 2 + d. Let h(t) = -6*t**2 + 21*t + 15. Let n(m) = m**2 - 4*m - 3. Let o(k) = -2*h(k) - 11*n(k). Determine o(r).
3
Let l(z) = z + 9. Let q(x) = 2*x - 1. Let o(w) = 3*l(w) - 3*q(w). What is o(0)?
30
Let j = -426 - -423. Let n(c) = -5*c**2 + 2*c + 3. Give n(j).
-48
Let o(r) = r**3 + 4*r**2 - 6*r. Let n(b) = 0*b - 18 + 3*b - 5*b + 3*b. Let p be n(13). Calculate o(p).
5
Let j(m) be the first derivative of -m**2 - 14*m + 402. Give j(8).
-30
Let x(m) = 7*m - 2*m**2 + 9 - 2 - m**3 - 3*m**2. Suppose 4*q = 3*q - 2*c + 5, 4*q - 2 = -2*c. Let z(l) = 6*l**3 + l**2 + 4*l + 3. Let i be z(q). Give x(i).
1
Let h(y) = -y**3 - y + 6. Let u be h(0). Suppose 2*a - 11 = -j, 2*a - 19 = -2*j - a. Let x(t) = -5*t - 19*t**3 - j*t**2 + 36*t**3 - 16*t**3 - 5. Give x(u).
1
Let p(n) = -n - 2. Let j be p(-7). Let y(z) = z**3 - 6*z**2 + 2*z + 1. Let m(x) = -x**3 + 6*x**2 - 2*x - 1. Let h(v) = 3*m(v) + 4*y(v). Give h(j).
-14
Let y(q) = -q**2 - 6*q - 4. Let h = 54 + -56. Calculate y(h).
4
Let x(k) = 3*k**3 - 10*k**2 - 18 - 4*k**3 + 30 - 17 + 10*k. Calculate x(-11).
6
Let i(y) = -2*y**2 + 20*y - 33. Let j(a) = -a**2 + 10*a - 16. Let m(l) = 6*i(l) - 13*j(l). Calculate m(8).
-6
Let o(i) = -7*i**3. Suppose w + 5*a - 14 = 0, 3*w + 4*a = -w + 8. Give o(w).
7
Let p(g) be the first derivative of -g**4/4 + 8*g**3/3 + 7*g**2 - 13*g + 134. Determine p(9).
32
Suppose 6*g - 7 - 5 = 0. Let l be (g - 4/(-4))*(-20)/15. Let b(p) = -p + 2. Determine b(l).
6
Let n be (-2)/(1/2*-1). Let f(z) = 5 - n - 2 + 4*z. Give f(-1).
-5
Suppose 56*i - 13*i + 43 = 0. Let v(j) = -3*j**2 + 3*j**2 + 2*j**2 - 1 - 2*j**3. Give v(i).
3
Let n(t) = -2*t**2 + 3*t - 3. Let l(c) = c**2 - 2*c + 3. Let b(p) = 3*l(p) + 2*n(p). Suppose -8 = -3*v + 7. Let k be (3/v)/((-1)/5). Calculate b(k).
-6
Let a(w) be the third derivative of -w**6/360 - w**5/20 + w**4/6 + 4*w**3/3 + 13*w**2. Let i(x) be the first derivative of a(x). Determine i(-7).
-3
Let b(h) = -4*h + 1. Suppose -2*p = -5*k - 55, -k = 3*p - 3*k - 88. Let f = 29 - p. Calculate b(f).
5
Let d(z) = 7*z**3 - 12*z**2 + 5*z. Let j(m) = m**3 - m**2. Let u be 6/(-33) - 320/55. Let q(y) = u*j(y) + d(y). Determine q(4).
-12
Let t(b) = -79*b**3 + 78*b**3 - 16*b**2 - 14 - 26*b**2 - 10*b + 35*b**2. Calculate t(-6).
10
Let p(m) = m**2 - 23*m + 89. Let l be p(18). Let o(y) = 21*y**3 + 2*y**2 + 2*y + 1. Calculate o(l).
-20
Let t(b) = 3*b - 1. Let i = -57 + 59. Suppose 0 = -3*z + i - 8. Give t(z).
-7
Let k be ((-6)/(-4))/(3/(-4)). Let z(q) be the third derivative of -1/6*q**3 - 1/24*q**4 + 1/60*q**5 - 9*q**2 + 0 + 1/120*q**6 + 0*q. Give z(k).
-3
Suppose 0*f + f + 27 = 4*i, 4*i - 39 = 5*f. Let s = -80 - -80. Let g = s - i. Let w(a) = a**2 + 8*a + 3. What is w(g)?
-9
Let p be (1/(-1))/(3/6). Let s(n) = -3*n + 2. Let f(t) = 2*t - 1. Let u(v) = -4*f(v) - 3*s(v). Calculate u(p).
-4
Let a(m) = -m**3 - 6*m**2 + 7*m - 2. Let h(y) = 7*y - 35. Let d be h(6). Suppose -2*z + d*z + 35 = 0. What is a(z)?
-2
Let a(n) = -53*n**2 + 52*n**2 - 4*n + 7*n. Suppose 2*l = -4*p + 16, 0*p - 2 = l - 3*p. Calculate a(l).
-4
Let a(p) = p**3 - 6*p**2 - 5*p - 5. Let n be ((-9)/12)/((-4)/16). Suppose -n*q + 2*q + 7 = 0. Calculate a(q).
9
Suppose -4*v = -2*v + 32. Let q = 14 + -11. Let m be 4*(q + 36/v). Let a(u) = u**3 - 3*u**2 + u + 1. Determine a(m).
4
Let v(n) = -2 + n**3 + 0 + 0*n**2 + 2*n**2. Let g = -2574 - -2572. What is v(g)?
-2
Let m(u) = -u**3 - 3*u**2 + 3*u - 1. Suppose -2*k - 9 - 127 = 0. Let j be (-28)/126 - k/(-18). Determine m(j).
3
Let g(i) = -4*i**2 + 4*i - 4. Let f(a) = -a - 1. Let v(y) = -3*f(y) + g(y). Let n(u) = -11*u**2 + 21*u - 3. Let s(l) = 3*n(l) - 8*v(l). What is s(6)?
5
Let q = 9 + -3. Suppose -4*d = -2*d - q. Let a(z) = -2 - d + 0*z**3 + 2 - 3*z**2 - 4*z + z**3. Determine a(4).
-3
Let c = 1 + -3. Let p be (-36 - -44)*c/(-4). Let w(u) = -u**3 + 3*u**2 + 6*u - 6. Calculate w(p).
2
Let t be (-5 - -14)/(1 - 10/4). Let p(c) = -c**3 + c - 13. Let v(g) = g**2 - g + 1. Let y(o) = t*v(o) - p(o). Determine y(5).
7
Let p(k) = 28*k - 212. Let q be p(8). Let z(d) = -d**3 + 11*d**2 + 12*d. What is z(q)?
0
Let k be (1*-3)/((-19)/(-19)). Let a(b) = b**3 + 2*b**2 - 3*b - 2. Determine a(k).
-2
Let g(r) = -r**2 - 7*r + 6. Suppose -x + 4 = 2*c - 0*x, -c = 3*x - 12. Let h(s) = s**2 + s - 7. Let y be h(c). Calculate g(y).
6
Suppose 20 = -w + 3*w - a, -34 = -4*w - a. Let l(u) = -13*u + 2. Let c(j) = -6*j + 1. Let v(q) = w*c(q) - 4*l(q). Suppose 56 = -16*f + 2*f. Calculate v(f).
9
Let w(v) = -2*v**3 + 4*v**2 - v + 3. Suppose -4*z + 125 = 1. Suppose -z = -4*o + 2*o - 5*g, -o = g - 8. What is w(o)?
-18
Let n(p) = p**3 - 6*p**2 - 5*p - 10. Let t(d) = -d**2 + 13*d + 37. Suppose -60 = 13*x - 17*x. Let f be t(x). Determine n(f).
4
Let n(t) = -t**3 + 9*t + 1. Let j = 1160 + -1164. What is n(j)?
29
Let k(j) = 3*j + 23. Let v(f) = f**3 + 17*f**2 + f + 7. Let d be v(-17). Determine k(d).
-7
Let q(t) = -t**3 + 9*t**2 + 10*t + 6. Let h be 2/6 - (-28)/(-12) - -12. Calculate q(h).
6
Let w(g) = g**3 + 4*g**2 + 3*g. Let i = 8 + -8. Suppose 3*n = 4*l - 2*l + 4, i = 5*n - 5*l - 10. Suppose 6*u - 14 = 4*d + 4*u, n = -5*u + 5. What is w(d)?
0
Let d = -5 - -7. Let t(u) = -2*u**2 + u + 1. Let r be t(0). Let h(i) = r - d*i + i - i. Give h(-2).
5
Let d(l) = l - 1. Let h(w) = w**2 + 7*w - 8. Let a be h(-8). Suppose -5*r + a*r + 16 = 2*g, -2*r + g = -10. Give d(r).
3
Suppose -41*b = -47*b + 36. Let f(o) = -4*o + 21. Determine f(b).
-3
Let q(z) = 3*z**2 + 3*z + 1. Let w(a) = -23*a**2 - 21*a - 9. Let y(x) = -6*q(x) - w(x). Calculate y(-2).
17
Suppose 0 = 21*w - 27*w - 48. Let i(a) = a**2 + 10*a + 7. Determine i(w).
-9
Let h(t) = 2*t + 39. Let r(p) = -p - 20. Let u(n) = -6*h(n) - 11*r(n). Determine u(0).
-14
Let j(h) = h**3 - 6*h**2. Let w(o) = 4*o**3 - 32*o**2. Let k(g) = -16*j(g) + 3*w(g). Calculate k(-2).
32
Suppose 45 - 5 = v. Let y(u) = u**3 - 10*u**2 - 2*u - 14. Let g be y(10). Let d = v + g. Let l(n) = -n**3 + 5*n**2 + 6*n + 4. What is l(d)?
4
Suppose 37 = 4*s + 5. Let d be ((-5)/4)/((-2)/s). Let q(p) = 3*p - 1. Let u(v) = v**2 - 17*v + 3. Let x(o) = -4*q(o) - u(o). Determine x(d).
1
Suppose 5*k = -10*n + 5*n + 35, -2*n = k - 19. Let a(p) = -p**2 + 13*p - 16. Give a(n).
-4
Let f(c) = 0*c**3 + c + c**3 + 5*c**3. Let l(a) = -8 + a**2 + 9*a - 4 + 27. Let n be l(-7). What is f(n)?
7
Let y be (-28)/(-56)*(2 + 0). Let a(h) = 15*h - 2. Determine a(y).
13
Let h(b) be the third derivative of -b**8/6720 + b**7/630 + b**5/40 - 5*b**4/24 + 2*b**2. Let q(f) be the second derivative of h(f). Give q(4).
3
Let o = 15 + -12. Suppose -o = 2*w - w. Let h(c) = c**2 + 4*c - 1. Determine h(w).
-4
Let j be (11 + -11)/(-1*2). Let u(m) = -16*m**2 + 10*m**2 + 7*m**2 - 2*m**3 + j*m**3. Determine u(-1).
3
Suppose 0*p - 16 = -4*p. Suppose 3 = -2*f + 9. Let v(m) = -3 - 34*m + 38*m - m**2 + f. Determine v(p).
0
Let g = 951 - 953. Let s(p) = 2*p**3 +